 prime number?
False
Is 70924531 prime?
False
Is 3377639 a prime number?
False
Is 10673123 a prime number?
True
Is 45462803 a composite number?
True
Is 19583441 a composite number?
False
Is 6098117 prime?
True
Is 124084929 a prime number?
False
Is 161276213 prime?
False
Is 5126647 composite?
False
Is 34198457 composite?
False
Is 51082711 a prime number?
True
Is 20474297 a prime number?
True
Is 12012817 composite?
False
Is 115187027 a composite number?
False
Is 217991 composite?
True
Is 307243 composite?
False
Is 49995731 composite?
True
Is 3196334 prime?
False
Is 36243827 a composite number?
False
Is 562223 prime?
False
Is 437793 a composite number?
True
Is 45344837 a composite number?
False
Is 31213987 prime?
False
Is 182939 composite?
True
Is 200506739 composite?
False
Is 443843 a prime number?
False
Is 542808001 a composite number?
False
Is 527628161 a composite number?
False
Is 1901267 composite?
False
Is 323109013 a composite number?
False
Is 11156513 a prime number?
False
Is 2118409 a composite number?
True
Is 1271653 a prime number?
False
Is 16781197 composite?
False
Is 2063881 prime?
True
Is 5226581 a prime number?
False
Is 194558843 prime?
False
Is 92893 prime?
True
Is 314117839 a composite number?
True
Is 536791 composite?
False
Is 31406761 prime?
False
Is 7992239 composite?
False
Is 41848619 a composite number?
False
Is 63617 a prime number?
True
Is 14072299 composite?
True
Is 7865657 prime?
True
Is 19429669 prime?
False
Is 591134 prime?
False
Is 3882523 composite?
False
Is 7776607 composite?
False
Is 1126379 prime?
False
Is 2966251 prime?
False
Is 17673577 a composite number?
False
Is 726641 a prime number?
True
Is 25559 a prime number?
False
Is 20194651 a prime number?
False
Is 42742207 composite?
False
Is 2530051 a composite number?
True
Is 114228157 a composite number?
False
Is 670659563 a composite number?
True
Is 24350801 composite?
False
Is 82817701 composite?
True
Is 75338261 a prime number?
False
Is 3241423 prime?
True
Is 767311 a prime number?
False
Is 30592897 a prime number?
False
Is 7345889 a prime number?
True
Is 94288073 prime?
False
Is 2502761 composite?
False
Is 308869117 composite?
False
Is 210614689 prime?
True
Is 4950131 prime?
True
Is 1315317 prime?
False
Is 1980131 a prime number?
False
Is 12335 prime?
False
Is 604044491 a prime number?
True
Is 4998827 composite?
True
Is 44002811 a composite number?
False
Is 15283469 composite?
False
Is 6754799 a composite number?
False
Is 5841551 prime?
False
Is 21335549 a composite number?
False
Is 5209279 composite?
False
Is 5185241 a prime number?
False
Is 5256921 composite?
True
Is 4114293 prime?
False
Is 20601979 a composite number?
False
Is 43099813 composite?
False
Is 724301 a composite number?
True
Is 814237 prime?
True
Is 2797589 a prime number?
True
Is 12833869 prime?
True
Is 4731431 prime?
True
Is 522569 composite?
False
Is 37090919 a composite number?
False
Is 6488787 prime?
False
Is 3179261 prime?
False
Is 1394518 a prime number?
False
Is 142904343 a composite number?
True
Is 2591189 a composite number?
False
Is 12611135 a prime number?
False
Is 131235994 composite?
True
Is 3021851 a composite number?
True
Is 2505401 a prime number?
True
Is 11537023 a composite number?
False
Is 225056507 prime?
False
Is 103077119 prime?
False
Is 6027739 prime?
True
Is 29581127 a prime number?
True
Is 236628923 composite?
False
Is 538247 a composite number?
False
Is 261245 a composite number?
True
Is 47619049 composite?
False
Is 21876871 a composite number?
False
Is 14771269 a composite number?
False
Is 70126817 a composite number?
False
Is 114292897 a composite number?
False
Is 12764533 a composite number?
False
Is 42634697 composite?
True
Is 2650873 a composite number?
False
Is 26459931 prime?
False
Is 22550441 a prime number?
True
Is 362029 a composite number?
True
Is 7815127 a composite number?
False
Is 1073279 a prime number?
True
Is 3720209 composite?
False
Is 11714147 a composite number?
False
Is 1389581693 a composite number?
False
Is 39603059 composite?
False
Is 15951223 a prime number?
False
Is 130368373 a prime number?
True
Is 233039 a prime number?
False
Is 3895793 a prime number?
False
Is 5065531 prime?
True
Is 473163 composite?
True
Is 83850259 prime?
False
Is 359273 a prime number?
False
Is 7188569 prime?
False
Is 51926951 composite?
True
Is 499452649 composite?
True
Is 146629711 prime?
False
Is 17148931 a composite number?
False
Is 10868951 prime?
True
Is 70493923 composite?
True
Is 8440807 composite?
True
Is 9270281 a composite number?
False
Is 22149719 a prime number?
True
Is 3991651 a prime number?
False
Is 3612853 composite?
False
Is 10208927 prime?
False
Is 189852997 composite?
True
Is 1598843 a prime number?
True
Is 37377811 composite?
True
Is 130418437 prime?
False
Is 9122851 a prime number?
True
Is 8609533 composite?
False
Is 17786861 prime?
True
Is 42900491 composite?
False
Is 358783 a composite number?
False
Is 4058663 composite?
True
Is 20359457 composite?
False
Is 1418194 a composite number?
True
Is 1451807 prime?
False
Is 132400909 prime?
False
Is 2925583 a composite number?
False
Is 2651777 a composite number?
False
Is 688511 a composite number?
False
Is 11298697 prime?
False
Is 3009499 composite?
True
Is 844999 composite?
False
Is 76339283 composite?
True
Is 269389601 composite?
True
Is 13369495 a composite number?
True
Is 8401147 prime?
True
Is 2818891 a prime number?
False
Is 148414249 composite?
False
Is 60460063 prime?
False
Is 3038927 composite?
False
Is 34441657 prime?
True
Is 3249893 composite?
True
Is 65038727 a prime number?
False
Is 1365323 a prime number?
False
Is 923719 a composite number?
False
Is 227400917 composite?
False
Is 3408793 prime?
True
Is 1688135 a composite number?
True
Is 1805473 prime?
True
Is 98507 composite?
False
Is 634399 a prime number?
False
Is 22934227 a prime number?
True
Is 416054449 composite?
True
Is 1012619 prime?
True
Is 72786083 composite?
True
Is 16558631 a prime number?
False
Is 35637913 composite?
True
Is 13220003 prime?
True
Is 112634241 prime?
False
Is 30703787 prime?
True
Is 5097289 prime?
True
Is 169556141 prime?
True
Is 2367713 prime?
False
Is 639710353 prime?
False
Is 135230671 prime?
False
Is 491252831 prime?
True
Is 1515509 prime?
True
Is 8167189 composite?
False
Is 21269177 prime?
True
Is 2205629 a prime number?
True
Is 2551435 a composite number?
True
Is 125424017 composite?
True
Is 16587677 composite?
False
Is 6561955 prime?
False
Is 8762311 a prime number?
True
Is 217556711 composite?
False
Is 29851 composite?
False
Is 18963323 a composite number?
False
Is 9955367 prime?
False
Is 19883733 a composite number?
True
Is 33361817 composite?
True
Is 17529247 a prime number?
False
Is 134605 a prime number?
False
Is 31098505 composite?
True
Is 42805547 prime?
False
Is 38514445 prime?
False
Is 24293713 prime?
True
Is 17266463 a composite number?
False
Is 9454699 prime?
False
Is 122438339 prime?
False
Is 14767517 prime?
True
Is 9439321 a composite number?
False
Is 1711773049 a prime number?
False
Is 60005963 a composite number?
False
Is 175394917 a prime number?
True
Is 1886927 a prime number?
False
Is 3591187 composite?
False
Is 6833363 a prime number?
True
Is 274514395 composite?
True
Is 13323517 composite?
False
Is 4840349 composite?
False
Is 2163001 a composite number?
True
Is 1671823 composite?
True
Is 27539549 a prime number?
True
Is 760141 prime?
True
Is 89358359 prime?
True
Is 9433423 composite?
True
Is 33205009 a prime number?
True
Is 90862271 a composite number?
True
Is 54192989 composite?
False
Is 104807749 a prime number?
True
Is 2127557 a composite number?
False
Is 5154089 a prime number?
True
Is 1362073 a prime number?
False
Is 24374309 a composite number?
False
Is 6165049 a composite number?
True
Is 951571 prime?
True
Is 149814055 a composite number?
True
Is 2053661 prime?
True
Is 11025221 prime?
True
Is 646253 a prime number?
True
Is 115205011 a composite number?
False
Is 15893029 prime?
True
Is 80279963 composite?
False
Is 137989751 composite?
False
Is 4381667 a prime number?
True
Is 54326953 a prime number?
True
Is 482363 a prime number?
False
Is 873511 composite?
True
Is 7825949 composite?
False
Is 108313937 a prime number?
True
Is 984944221 a composite number?
True
Is 273125843 pri